{"id":1103,"date":"2018-11-20T09:05:47","date_gmt":"2018-11-20T08:05:47","guid":{"rendered":"http:\/\/serwer1986166.home.pl\/wpsprint\/?page_id=1103"},"modified":"2020-06-29T23:05:13","modified_gmt":"2020-06-29T21:05:13","slug":"dane-osobowe","status":"publish","type":"page","link":"https:\/\/sprintlogistyka.pl\/index.php\/dane-osobowe\/","title":{"rendered":"DANE OSOBOWE"},"content":{"rendered":"<p>Sprint Logistyka Polska SA sp.k.&nbsp; przetwarza dane osobowe zgodnie z prawem i powszechnie realizowan\u0105 w tym zakresie praktyk\u0105, st\u0105d spe\u0142niaj\u0105c obowi\u0105zek okre\u015blony w art. 13 rozporz\u0105dzenia Parlamentu Europejskiego i Rady (UE) 2016\/679 z 27.04.2016r. w sprawie ochrony os\u00f3b fizycznych w zwi\u0105zku z przetwarzaniem danych osobowych i w sprawie swobodnego przep\u0142ywu takich danych oraz uchylenia dyrektywy 95\/46\/WE (dalej RODO) \u2013 Dz. Urz. UE L. 119, s.1, informujemy Pa\u0144stwa jako osoby, kt\u00f3rych dane osobowe mog\u0105 by\u0107 lub s\u0105 przez nas przetwarzane, \u017ce:<\/p>\n<p><strong>&nbsp;<\/strong><\/p>\n<p><strong>Administratorem<\/strong> Waszych danych osobowych Sprint Logistyka Polska SA sp.k.&nbsp; z siedzib\u0105 przy ul. Waleriana \u0141ukasi\u0144skiego 116, 71-215 Szczecin,, dalej My.<\/p>\n<p>Mo\u017cecie Pa\u0144stwo w sprawie przetwarzania Waszych danych osobowych lub realizacji swoich praw kontaktowa\u0107 si\u0119 z Nami adresem daneosobowe@sprintlogistyka.pl<\/p>\n<p>Wasze dane b\u0119d\u0105 przetwarzane przez naszych pracownik\u00f3w lub wsp\u00f3\u0142pracownik\u00f3w jedynie na podstawie i w granicach specjalnie im do tego nadanego przez nas upowa\u017cnienia.<\/p>\n<p>Pa\u0144stwa dane osobowe otrzymali\u015bmy:<\/p>\n<ol>\n<li>od Pana\/Pani dobrowolnie podczas czynno\u015bci zmierzaj\u0105cych do zawarcia lub wykonywania z Nami umowy,<\/li>\n<li>od naszego kontrahenta, kt\u00f3ry w celu wykonania umowy, otrzyma\u0142 Pa\u0144stwa dane osobowe od Pa\u0144stwa lub od podmiotu z Wami wsp\u00f3\u0142pracuj\u0105cego<\/li>\n<\/ol>\n<p>Mo\u017cemy przetwarza\u0107 takie Pa\u0144stwa dane osobowe jak:<\/p>\n<p>imi\u0119, nazwisko, adres zamieszkania, telefon kontaktowy, adres poczty elektronicznej, numer PESEL, numer rejestracyjny pojazdu, numer rachunku bankowego, dane zawarte w licencji zawodowej, dane zawarte w przekazanych nam kopiach polis ubezpieczeniowych.<\/p>\n<p>Pa\u0144stwa dane przetwarza\u0107 b\u0119dziemy na podstawie art. 6 ust. 1 lit. a, b i f RODO. Przy tym, przez nasz uzasadniony interes prawny rozumiemy g\u0142\u00f3wnie wykonanie um\u00f3w w ramach prowadzonej dzia\u0142alno\u015bci gospodarczej, prowadzenie archiwizacji czy audyt\u00f3w, bie\u017c\u0105cej obs\u0142ugi ksi\u0119gowo-rachunkowej, jak r\u00f3wnie\u017c dochodzenie lub obrona przed dochodzonymi od nas roszczeniami.<\/p>\n<p>Pa\u0144stwa dane mog\u0105 by\u0107 przetwarzane w szczeg\u00f3lno\u015bci w celu:<\/p>\n<ol>\n<li>przeprowadzenia procesu rekrutacyjnego<\/li>\n<li>zlecenia lub przyj\u0119cia do wykonania us\u0142ugi<\/li>\n<li>zawarcia i wykonania umowy<\/li>\n<\/ol>\n<p>Powy\u017csze cele realizowane s\u0105 w formie tradycyjnej oraz elektronicznej.<\/p>\n<p>Pa\u0144stwa dane osobowe b\u0119d\u0105 przetwarzane przez okres wskazany dla realizacji danego celu oraz zgodnie z przepisami dotycz\u0105cymi archiwizacji (w\u0142a\u015bciwych przepis\u00f3w podatkowych, rachunkowych, ubezpiecze\u0144 spo\u0142ecznych) a tak\u017ce przedawnienia roszcze\u0144, kt\u00f3re w \u015bwietle obecnie obowi\u0105zuj\u0105cych przepis\u00f3w wynosi 6 lat.<\/p>\n<p>Przewidujemy mo\u017cliwo\u015b\u0107 udost\u0119pniania Pa\u0144stwa danych podmiotom \u015bwiadcz\u0105cym nam us\u0142ugi kurierskie, pocztowe, doradcze, konsultacyjne, audytowe, pomocy prawnej, podatkowe i&nbsp;rachunkowe. Takie podmioty przetwarza\u0107 b\u0119d\u0105 Twoje dane na podstawie zawartej z nami mowy i tylko zgodnie z naszymi poleceniami.<\/p>\n<p>Masz prawo wymaga\u0107 od Nas dost\u0119pu do swoich danych osobowych, otrzymania ich kopii, \u017c\u0105dania sprostowania Waszych danych osobowych (poprawiania czy uaktualniania), ich usuni\u0119cia lub wniesienia sprzeciwu wobec ich przetwarzania z powodu Waszej szczeg\u00f3lnej sytuacji. Macie Pa\u0144stwo r\u00f3wnie\u017c prawo do \u017c\u0105dania od Nas ograniczenia przetwarzania Waszych danych a tak\u017ce do ich przenoszenia.<\/p>\n<p>Macie Pa\u0144stwo prawo do cofni\u0119cia zgody na przetwarzanie Waszych danych osobowych, cofni\u0119cie zgody pozostaje bez wp\u0142ywu na zgodno\u015b\u0107 z prawem przetwarzania, kt\u00f3rego dokonano na podstawie zgody przed jej cofni\u0119ciem.<\/p>\n<p>Je\u015bli uznasz, \u017ce naruszyli\u015bmy Twoje prawa przetwarzaj\u0105c Twoje dane osobowe lub przetwarzamy Twoje dane osobowe niezgodnie z wymogami prawa macie Pa\u0144stwo prawo wnie\u015b\u0107 skarg\u0119 do Prezesa Urz\u0119du Ochrony Danych Osobowych (na adres Urz\u0119du Ochrony Danych Osobowych, ul. Stawki 2, 00 &#8211; 193 Warszawa).<\/p>\n<p>Podanie przez Pa\u0144stwa, albo otrzymanie Pa\u0144stwa, danych osobowych jest konieczne w celu prawid\u0142owego wykonania obowi\u0105zk\u00f3w umownych czy prawnych. Wskazujemy, \u017ce podawanie przez Pa\u0144stwa danych jest dobrowolne, jednak w tym wypadku ci\u0105\u017cy na Pa\u0144stwu obowi\u0105zek prawny podania prawid\u0142owych i aktualnych danych. W przypadku niepodania Pa\u0144stwa danych osobowych lub nieprawid\u0142owego ich podania, czy braku ich aktualizowania, o ile to b\u0119dzie konieczne, mo\u017ce to by\u0107 przyczyn\u0105 braku mo\u017cliwo\u015bci zawarcia lub wykonywania umowy a w skrajnym wypadku doprowadzi\u0107 do rozwi\u0105zania ju\u017c zawartej z Nami umowy.<\/p>\n","protected":false},"excerpt":{"rendered":"<p>Sprint Logistyka Polska SA sp.k.&nbsp; przetwarza dane osobowe zgodnie z prawem i powszechnie realizowan\u0105 w tym zakresie praktyk\u0105, st\u0105d spe\u0142niaj\u0105c obowi\u0105zek okre\u015blony w art. 13 rozporz\u0105dzenia Parlamentu Europejskiego i Rady (UE) 2016\/679 z 27.04.2016r. w sprawie ochrony os\u00f3b fizycznych w zwi\u0105zku z przetwarzaniem danych osobowych i w sprawie swobodnego przep\u0142ywu takich danych oraz uchylenia dyrektywy [&hellip;]<\/p>\n","protected":false},"author":1,"featured_media":0,"parent":0,"menu_order":0,"comment_status":"closed","ping_status":"closed","template":"","meta":{"_acf_changed":false,"footnotes":""},"tags":[],"class_list":["post-1103","page","type-page","status-publish","hentry"],"acf":[],"yoast_head":"<!-- This site is optimized with the Yoast SEO plugin v27.6 - https:\/\/yoast.com\/product\/yoast-seo-wordpress\/ -->\n<title>DANE OSOBOWE - Sprint Logistyka<\/title>\n<meta name=\"robots\" content=\"index, follow, max-snippet:-1, max-image-preview:large, max-video-preview:-1\" \/>\n<link rel=\"canonical\" href=\"https:\/\/sprintlogistyka.pl\/index.php\/dane-osobowe\/\" \/>\n<meta property=\"og:locale\" content=\"pl_PL\" \/>\n<meta property=\"og:type\" content=\"article\" \/>\n<meta property=\"og:title\" content=\"DANE OSOBOWE - Sprint Logistyka\" \/>\n<meta property=\"og:description\" content=\"Sprint Logistyka Polska SA sp.k.&nbsp; przetwarza dane osobowe zgodnie z prawem i powszechnie realizowan\u0105 w tym zakresie praktyk\u0105, st\u0105d spe\u0142niaj\u0105c obowi\u0105zek okre\u015blony w art. 13 rozporz\u0105dzenia Parlamentu Europejskiego i Rady (UE) 2016\/679 z 27.04.2016r. w sprawie ochrony os\u00f3b fizycznych w zwi\u0105zku z przetwarzaniem danych osobowych i w sprawie swobodnego przep\u0142ywu takich danych oraz uchylenia dyrektywy [&hellip;]\" \/>\n<meta property=\"og:url\" content=\"https:\/\/sprintlogistyka.pl\/index.php\/dane-osobowe\/\" \/>\n<meta property=\"og:site_name\" content=\"Sprint Logistyka\" \/>\n<meta property=\"article:modified_time\" content=\"2020-06-29T21:05:13+00:00\" \/>\n<meta name=\"twitter:card\" content=\"summary_large_image\" \/>\n<meta name=\"twitter:label1\" content=\"Szacowany czas czytania\" \/>\n\t<meta name=\"twitter:data1\" content=\"3 minuty\" \/>\n<script type=\"application\/ld+json\" class=\"yoast-schema-graph\">{\"@context\":\"https:\\\/\\\/schema.org\",\"@graph\":[{\"@type\":\"WebPage\",\"@id\":\"https:\\\/\\\/sprintlogistyka.pl\\\/index.php\\\/dane-osobowe\\\/\",\"url\":\"https:\\\/\\\/sprintlogistyka.pl\\\/index.php\\\/dane-osobowe\\\/\",\"name\":\"DANE OSOBOWE - Sprint Logistyka\",\"isPartOf\":{\"@id\":\"https:\\\/\\\/sprintlogistyka.pl\\\/#website\"},\"datePublished\":\"2018-11-20T08:05:47+00:00\",\"dateModified\":\"2020-06-29T21:05:13+00:00\",\"breadcrumb\":{\"@id\":\"https:\\\/\\\/sprintlogistyka.pl\\\/index.php\\\/dane-osobowe\\\/#breadcrumb\"},\"inLanguage\":\"pl-PL\",\"potentialAction\":[{\"@type\":\"ReadAction\",\"target\":[\"https:\\\/\\\/sprintlogistyka.pl\\\/index.php\\\/dane-osobowe\\\/\"]}]},{\"@type\":\"BreadcrumbList\",\"@id\":\"https:\\\/\\\/sprintlogistyka.pl\\\/index.php\\\/dane-osobowe\\\/#breadcrumb\",\"itemListElement\":[{\"@type\":\"ListItem\",\"position\":1,\"name\":\"Strona g\u0142\u00f3wna\",\"item\":\"https:\\\/\\\/sprintlogistyka.pl\\\/\"},{\"@type\":\"ListItem\",\"position\":2,\"name\":\"DANE OSOBOWE\"}]},{\"@type\":\"WebSite\",\"@id\":\"https:\\\/\\\/sprintlogistyka.pl\\\/#website\",\"url\":\"https:\\\/\\\/sprintlogistyka.pl\\\/\",\"name\":\"Sprint Logistyka\",\"description\":\"Transport drogowy krajowy i mi\u0119dzynarodowy\",\"potentialAction\":[{\"@type\":\"SearchAction\",\"target\":{\"@type\":\"EntryPoint\",\"urlTemplate\":\"https:\\\/\\\/sprintlogistyka.pl\\\/?s={search_term_string}\"},\"query-input\":{\"@type\":\"PropertyValueSpecification\",\"valueRequired\":true,\"valueName\":\"search_term_string\"}}],\"inLanguage\":\"pl-PL\"}]}<\/script>\n<!-- \/ Yoast SEO plugin. -->","yoast_head_json":{"title":"DANE OSOBOWE - Sprint Logistyka","robots":{"index":"index","follow":"follow","max-snippet":"max-snippet:-1","max-image-preview":"max-image-preview:large","max-video-preview":"max-video-preview:-1"},"canonical":"https:\/\/sprintlogistyka.pl\/index.php\/dane-osobowe\/","og_locale":"pl_PL","og_type":"article","og_title":"DANE OSOBOWE - Sprint Logistyka","og_description":"Sprint Logistyka Polska SA sp.k.&nbsp; przetwarza dane osobowe zgodnie z prawem i powszechnie realizowan\u0105 w tym zakresie praktyk\u0105, st\u0105d spe\u0142niaj\u0105c obowi\u0105zek okre\u015blony w art. 13 rozporz\u0105dzenia Parlamentu Europejskiego i Rady (UE) 2016\/679 z 27.04.2016r. w sprawie ochrony os\u00f3b fizycznych w zwi\u0105zku z przetwarzaniem danych osobowych i w sprawie swobodnego przep\u0142ywu takich danych oraz uchylenia dyrektywy [&hellip;]","og_url":"https:\/\/sprintlogistyka.pl\/index.php\/dane-osobowe\/","og_site_name":"Sprint Logistyka","article_modified_time":"2020-06-29T21:05:13+00:00","twitter_card":"summary_large_image","twitter_misc":{"Szacowany czas czytania":"3 minuty"},"schema":{"@context":"https:\/\/schema.org","@graph":[{"@type":"WebPage","@id":"https:\/\/sprintlogistyka.pl\/index.php\/dane-osobowe\/","url":"https:\/\/sprintlogistyka.pl\/index.php\/dane-osobowe\/","name":"DANE OSOBOWE - Sprint Logistyka","isPartOf":{"@id":"https:\/\/sprintlogistyka.pl\/#website"},"datePublished":"2018-11-20T08:05:47+00:00","dateModified":"2020-06-29T21:05:13+00:00","breadcrumb":{"@id":"https:\/\/sprintlogistyka.pl\/index.php\/dane-osobowe\/#breadcrumb"},"inLanguage":"pl-PL","potentialAction":[{"@type":"ReadAction","target":["https:\/\/sprintlogistyka.pl\/index.php\/dane-osobowe\/"]}]},{"@type":"BreadcrumbList","@id":"https:\/\/sprintlogistyka.pl\/index.php\/dane-osobowe\/#breadcrumb","itemListElement":[{"@type":"ListItem","position":1,"name":"Strona g\u0142\u00f3wna","item":"https:\/\/sprintlogistyka.pl\/"},{"@type":"ListItem","position":2,"name":"DANE OSOBOWE"}]},{"@type":"WebSite","@id":"https:\/\/sprintlogistyka.pl\/#website","url":"https:\/\/sprintlogistyka.pl\/","name":"Sprint Logistyka","description":"Transport drogowy krajowy i mi\u0119dzynarodowy","potentialAction":[{"@type":"SearchAction","target":{"@type":"EntryPoint","urlTemplate":"https:\/\/sprintlogistyka.pl\/?s={search_term_string}"},"query-input":{"@type":"PropertyValueSpecification","valueRequired":true,"valueName":"search_term_string"}}],"inLanguage":"pl-PL"}]}},"_links":{"self":[{"href":"https:\/\/sprintlogistyka.pl\/index.php\/wp-json\/wp\/v2\/pages\/1103","targetHints":{"allow":["GET"]}}],"collection":[{"href":"https:\/\/sprintlogistyka.pl\/index.php\/wp-json\/wp\/v2\/pages"}],"about":[{"href":"https:\/\/sprintlogistyka.pl\/index.php\/wp-json\/wp\/v2\/types\/page"}],"author":[{"embeddable":true,"href":"https:\/\/sprintlogistyka.pl\/index.php\/wp-json\/wp\/v2\/users\/1"}],"replies":[{"embeddable":true,"href":"https:\/\/sprintlogistyka.pl\/index.php\/wp-json\/wp\/v2\/comments?post=1103"}],"version-history":[{"count":5,"href":"https:\/\/sprintlogistyka.pl\/index.php\/wp-json\/wp\/v2\/pages\/1103\/revisions"}],"predecessor-version":[{"id":1249,"href":"https:\/\/sprintlogistyka.pl\/index.php\/wp-json\/wp\/v2\/pages\/1103\/revisions\/1249"}],"wp:attachment":[{"href":"https:\/\/sprintlogistyka.pl\/index.php\/wp-json\/wp\/v2\/media?parent=1103"}],"wp:term":[{"taxonomy":"post_tag","embeddable":true,"href":"https:\/\/sprintlogistyka.pl\/index.php\/wp-json\/wp\/v2\/tags?post=1103"}],"curies":[{"name":"wp","href":"https:\/\/api.w.org\/{rel}","templated":true}]}}