{"id":1001,"date":"2018-07-16T21:26:14","date_gmt":"2018-07-16T19:26:14","guid":{"rendered":"http:\/\/serwer1986166.home.pl\/wpsprint\/?page_id=1001"},"modified":"2020-06-29T23:07:03","modified_gmt":"2020-06-29T21:07:03","slug":"lagerung","status":"publish","type":"page","link":"https:\/\/sprintlogistyka.pl\/index.php\/dienstleistungen\/lagerung\/","title":{"rendered":"LAGERUNG"},"content":{"rendered":"<h2>LAGERUNG<\/h2>\n<p><strong>Wir bieten professionellen Lagerservice in verschiedenen Teilen Westeuropas. Die bei uns eingelagerten Ladungen sind ordnungsgem\u00e4\u00df verpackt, gesichert und zum Verladen und Weitertransport bereit.<\/strong><\/p>\n<div class=\"figure\"><img loading=\"lazy\" decoding=\"async\" class=\"alignnone size-full wp-image-688\" src=\"http:\/\/serwer1986166.home.pl\/wpsprint\/wp-content\/uploads\/2017\/07\/magazynowanie-1.jpg\" alt=\"Magazynowanie SPRINT\" width=\"1140\" height=\"450\" srcset=\"https:\/\/sprintlogistyka.pl\/wp-content\/uploads\/2017\/07\/magazynowanie-1.jpg 1140w, https:\/\/sprintlogistyka.pl\/wp-content\/uploads\/2017\/07\/magazynowanie-1-300x118.jpg 300w, https:\/\/sprintlogistyka.pl\/wp-content\/uploads\/2017\/07\/magazynowanie-1-768x303.jpg 768w, https:\/\/sprintlogistyka.pl\/wp-content\/uploads\/2017\/07\/magazynowanie-1-1024x404.jpg 1024w\" sizes=\"auto, (max-width: 1140px) 100vw, 1140px\" \/><\/div>\n<div class=\"flex\">\n<div class=\"item\">\n<h3>WAREN<\/h3>\n<p>Wir nehmen Waren auf Paletten, in Kisten und Gro\u00dflasten an. Wir bieten auch volle Verlade- und Palettierdienste.<\/p>\n<\/div>\n<div class=\"item\">\n<h3>LAGER<\/h3>\n<p>Wir bieten sowohl Lageroption auf h\u00f6chstem Qualit\u00e4tsniveau und kosteng\u00fcnstige Variante f\u00fcr weniger anspruchsvolle Waren. Alle unsere Lager sind beheizt und gegen Zugriff Dritter gesichert.<\/p>\n<\/div>\n<div class=\"item\">\n<h3>SPEZIELLE DIENSTLEISTUNGEN<\/h3>\n<p>Bei zus\u00e4tzlichen Kundenanforderungen, wie Lagerung von Sondermaterialien unter speziellen Bedingungen, finden wir gerne den richtigen Ort f\u00fcr Sie.<\/p>\n<\/div>\n<\/div>\n","protected":false},"excerpt":{"rendered":"<p>LAGERUNG Wir bieten professionellen Lagerservice in verschiedenen Teilen Westeuropas. Die bei uns eingelagerten Ladungen sind ordnungsgem\u00e4\u00df verpackt, gesichert und zum Verladen und Weitertransport bereit. WAREN Wir nehmen Waren auf Paletten, in Kisten und Gro\u00dflasten an. Wir bieten auch volle Verlade- und Palettierdienste. LAGER Wir bieten sowohl Lageroption auf h\u00f6chstem Qualit\u00e4tsniveau und kosteng\u00fcnstige Variante f\u00fcr weniger [&hellip;]<\/p>\n","protected":false},"author":1,"featured_media":0,"parent":995,"menu_order":0,"comment_status":"closed","ping_status":"closed","template":"","meta":{"_acf_changed":false,"footnotes":""},"tags":[],"class_list":["post-1001","page","type-page","status-publish","hentry"],"acf":[],"yoast_head":"<!-- This site is optimized with the Yoast SEO plugin v27.5 - https:\/\/yoast.com\/product\/yoast-seo-wordpress\/ -->\n<title>LAGERUNG - Sprint Logistyka<\/title>\n<meta name=\"robots\" content=\"index, follow, max-snippet:-1, max-image-preview:large, max-video-preview:-1\" \/>\n<link rel=\"canonical\" href=\"https:\/\/sprintlogistyka.pl\/index.php\/dienstleistungen\/lagerung\/\" \/>\n<meta property=\"og:locale\" content=\"pl_PL\" \/>\n<meta property=\"og:type\" content=\"article\" \/>\n<meta property=\"og:title\" content=\"LAGERUNG - Sprint Logistyka\" \/>\n<meta property=\"og:description\" content=\"LAGERUNG Wir bieten professionellen Lagerservice in verschiedenen Teilen Westeuropas. Die bei uns eingelagerten Ladungen sind ordnungsgem\u00e4\u00df verpackt, gesichert und zum Verladen und Weitertransport bereit. WAREN Wir nehmen Waren auf Paletten, in Kisten und Gro\u00dflasten an. Wir bieten auch volle Verlade- und Palettierdienste. LAGER Wir bieten sowohl Lageroption auf h\u00f6chstem Qualit\u00e4tsniveau und kosteng\u00fcnstige Variante f\u00fcr weniger [&hellip;]\" \/>\n<meta property=\"og:url\" content=\"https:\/\/sprintlogistyka.pl\/index.php\/dienstleistungen\/lagerung\/\" \/>\n<meta property=\"og:site_name\" content=\"Sprint Logistyka\" \/>\n<meta property=\"article:modified_time\" content=\"2020-06-29T21:07:03+00:00\" \/>\n<meta property=\"og:image\" content=\"http:\/\/serwer1986166.home.pl\/wpsprint\/wp-content\/uploads\/2017\/07\/magazynowanie-1.jpg\" \/>\n<meta name=\"twitter:card\" content=\"summary_large_image\" \/>\n<script type=\"application\/ld+json\" class=\"yoast-schema-graph\">{\"@context\":\"https:\\\/\\\/schema.org\",\"@graph\":[{\"@type\":\"WebPage\",\"@id\":\"https:\\\/\\\/sprintlogistyka.pl\\\/index.php\\\/dienstleistungen\\\/lagerung\\\/\",\"url\":\"https:\\\/\\\/sprintlogistyka.pl\\\/index.php\\\/dienstleistungen\\\/lagerung\\\/\",\"name\":\"LAGERUNG - Sprint Logistyka\",\"isPartOf\":{\"@id\":\"https:\\\/\\\/sprintlogistyka.pl\\\/#website\"},\"primaryImageOfPage\":{\"@id\":\"https:\\\/\\\/sprintlogistyka.pl\\\/index.php\\\/dienstleistungen\\\/lagerung\\\/#primaryimage\"},\"image\":{\"@id\":\"https:\\\/\\\/sprintlogistyka.pl\\\/index.php\\\/dienstleistungen\\\/lagerung\\\/#primaryimage\"},\"thumbnailUrl\":\"http:\\\/\\\/serwer1986166.home.pl\\\/wpsprint\\\/wp-content\\\/uploads\\\/2017\\\/07\\\/magazynowanie-1.jpg\",\"datePublished\":\"2018-07-16T19:26:14+00:00\",\"dateModified\":\"2020-06-29T21:07:03+00:00\",\"breadcrumb\":{\"@id\":\"https:\\\/\\\/sprintlogistyka.pl\\\/index.php\\\/dienstleistungen\\\/lagerung\\\/#breadcrumb\"},\"inLanguage\":\"pl-PL\",\"potentialAction\":[{\"@type\":\"ReadAction\",\"target\":[\"https:\\\/\\\/sprintlogistyka.pl\\\/index.php\\\/dienstleistungen\\\/lagerung\\\/\"]}]},{\"@type\":\"ImageObject\",\"inLanguage\":\"pl-PL\",\"@id\":\"https:\\\/\\\/sprintlogistyka.pl\\\/index.php\\\/dienstleistungen\\\/lagerung\\\/#primaryimage\",\"url\":\"http:\\\/\\\/serwer1986166.home.pl\\\/wpsprint\\\/wp-content\\\/uploads\\\/2017\\\/07\\\/magazynowanie-1.jpg\",\"contentUrl\":\"http:\\\/\\\/serwer1986166.home.pl\\\/wpsprint\\\/wp-content\\\/uploads\\\/2017\\\/07\\\/magazynowanie-1.jpg\"},{\"@type\":\"BreadcrumbList\",\"@id\":\"https:\\\/\\\/sprintlogistyka.pl\\\/index.php\\\/dienstleistungen\\\/lagerung\\\/#breadcrumb\",\"itemListElement\":[{\"@type\":\"ListItem\",\"position\":1,\"name\":\"Strona g\u0142\u00f3wna\",\"item\":\"https:\\\/\\\/sprintlogistyka.pl\\\/\"},{\"@type\":\"ListItem\",\"position\":2,\"name\":\"Dienstleistungen\",\"item\":\"https:\\\/\\\/sprintlogistyka.pl\\\/index.php\\\/dienstleistungen\\\/\"},{\"@type\":\"ListItem\",\"position\":3,\"name\":\"LAGERUNG\"}]},{\"@type\":\"WebSite\",\"@id\":\"https:\\\/\\\/sprintlogistyka.pl\\\/#website\",\"url\":\"https:\\\/\\\/sprintlogistyka.pl\\\/\",\"name\":\"Sprint Logistyka\",\"description\":\"Transport drogowy krajowy i mi\u0119dzynarodowy\",\"potentialAction\":[{\"@type\":\"SearchAction\",\"target\":{\"@type\":\"EntryPoint\",\"urlTemplate\":\"https:\\\/\\\/sprintlogistyka.pl\\\/?s={search_term_string}\"},\"query-input\":{\"@type\":\"PropertyValueSpecification\",\"valueRequired\":true,\"valueName\":\"search_term_string\"}}],\"inLanguage\":\"pl-PL\"}]}<\/script>\n<!-- \/ Yoast SEO plugin. -->","yoast_head_json":{"title":"LAGERUNG - Sprint Logistyka","robots":{"index":"index","follow":"follow","max-snippet":"max-snippet:-1","max-image-preview":"max-image-preview:large","max-video-preview":"max-video-preview:-1"},"canonical":"https:\/\/sprintlogistyka.pl\/index.php\/dienstleistungen\/lagerung\/","og_locale":"pl_PL","og_type":"article","og_title":"LAGERUNG - Sprint Logistyka","og_description":"LAGERUNG Wir bieten professionellen Lagerservice in verschiedenen Teilen Westeuropas. Die bei uns eingelagerten Ladungen sind ordnungsgem\u00e4\u00df verpackt, gesichert und zum Verladen und Weitertransport bereit. WAREN Wir nehmen Waren auf Paletten, in Kisten und Gro\u00dflasten an. Wir bieten auch volle Verlade- und Palettierdienste. LAGER Wir bieten sowohl Lageroption auf h\u00f6chstem Qualit\u00e4tsniveau und kosteng\u00fcnstige Variante f\u00fcr weniger [&hellip;]","og_url":"https:\/\/sprintlogistyka.pl\/index.php\/dienstleistungen\/lagerung\/","og_site_name":"Sprint Logistyka","article_modified_time":"2020-06-29T21:07:03+00:00","og_image":[{"url":"http:\/\/serwer1986166.home.pl\/wpsprint\/wp-content\/uploads\/2017\/07\/magazynowanie-1.jpg","type":"","width":"","height":""}],"twitter_card":"summary_large_image","schema":{"@context":"https:\/\/schema.org","@graph":[{"@type":"WebPage","@id":"https:\/\/sprintlogistyka.pl\/index.php\/dienstleistungen\/lagerung\/","url":"https:\/\/sprintlogistyka.pl\/index.php\/dienstleistungen\/lagerung\/","name":"LAGERUNG - Sprint Logistyka","isPartOf":{"@id":"https:\/\/sprintlogistyka.pl\/#website"},"primaryImageOfPage":{"@id":"https:\/\/sprintlogistyka.pl\/index.php\/dienstleistungen\/lagerung\/#primaryimage"},"image":{"@id":"https:\/\/sprintlogistyka.pl\/index.php\/dienstleistungen\/lagerung\/#primaryimage"},"thumbnailUrl":"http:\/\/serwer1986166.home.pl\/wpsprint\/wp-content\/uploads\/2017\/07\/magazynowanie-1.jpg","datePublished":"2018-07-16T19:26:14+00:00","dateModified":"2020-06-29T21:07:03+00:00","breadcrumb":{"@id":"https:\/\/sprintlogistyka.pl\/index.php\/dienstleistungen\/lagerung\/#breadcrumb"},"inLanguage":"pl-PL","potentialAction":[{"@type":"ReadAction","target":["https:\/\/sprintlogistyka.pl\/index.php\/dienstleistungen\/lagerung\/"]}]},{"@type":"ImageObject","inLanguage":"pl-PL","@id":"https:\/\/sprintlogistyka.pl\/index.php\/dienstleistungen\/lagerung\/#primaryimage","url":"http:\/\/serwer1986166.home.pl\/wpsprint\/wp-content\/uploads\/2017\/07\/magazynowanie-1.jpg","contentUrl":"http:\/\/serwer1986166.home.pl\/wpsprint\/wp-content\/uploads\/2017\/07\/magazynowanie-1.jpg"},{"@type":"BreadcrumbList","@id":"https:\/\/sprintlogistyka.pl\/index.php\/dienstleistungen\/lagerung\/#breadcrumb","itemListElement":[{"@type":"ListItem","position":1,"name":"Strona g\u0142\u00f3wna","item":"https:\/\/sprintlogistyka.pl\/"},{"@type":"ListItem","position":2,"name":"Dienstleistungen","item":"https:\/\/sprintlogistyka.pl\/index.php\/dienstleistungen\/"},{"@type":"ListItem","position":3,"name":"LAGERUNG"}]},{"@type":"WebSite","@id":"https:\/\/sprintlogistyka.pl\/#website","url":"https:\/\/sprintlogistyka.pl\/","name":"Sprint Logistyka","description":"Transport drogowy krajowy i mi\u0119dzynarodowy","potentialAction":[{"@type":"SearchAction","target":{"@type":"EntryPoint","urlTemplate":"https:\/\/sprintlogistyka.pl\/?s={search_term_string}"},"query-input":{"@type":"PropertyValueSpecification","valueRequired":true,"valueName":"search_term_string"}}],"inLanguage":"pl-PL"}]}},"_links":{"self":[{"href":"https:\/\/sprintlogistyka.pl\/index.php\/wp-json\/wp\/v2\/pages\/1001","targetHints":{"allow":["GET"]}}],"collection":[{"href":"https:\/\/sprintlogistyka.pl\/index.php\/wp-json\/wp\/v2\/pages"}],"about":[{"href":"https:\/\/sprintlogistyka.pl\/index.php\/wp-json\/wp\/v2\/types\/page"}],"author":[{"embeddable":true,"href":"https:\/\/sprintlogistyka.pl\/index.php\/wp-json\/wp\/v2\/users\/1"}],"replies":[{"embeddable":true,"href":"https:\/\/sprintlogistyka.pl\/index.php\/wp-json\/wp\/v2\/comments?post=1001"}],"version-history":[{"count":3,"href":"https:\/\/sprintlogistyka.pl\/index.php\/wp-json\/wp\/v2\/pages\/1001\/revisions"}],"predecessor-version":[{"id":1305,"href":"https:\/\/sprintlogistyka.pl\/index.php\/wp-json\/wp\/v2\/pages\/1001\/revisions\/1305"}],"up":[{"embeddable":true,"href":"https:\/\/sprintlogistyka.pl\/index.php\/wp-json\/wp\/v2\/pages\/995"}],"wp:attachment":[{"href":"https:\/\/sprintlogistyka.pl\/index.php\/wp-json\/wp\/v2\/media?parent=1001"}],"wp:term":[{"taxonomy":"post_tag","embeddable":true,"href":"https:\/\/sprintlogistyka.pl\/index.php\/wp-json\/wp\/v2\/tags?post=1001"}],"curies":[{"name":"wp","href":"https:\/\/api.w.org\/{rel}","templated":true}]}}